{"id":12847,"date":"2021-09-16T16:42:27","date_gmt":"2021-09-16T14:42:27","guid":{"rendered":"https:\/\/heroicpeople.fr?page_id=12847"},"modified":"2026-01-23T10:29:21","modified_gmt":"2026-01-23T09:29:21","slug":"livre","status":"publish","type":"page","link":"https:\/\/heroicpeople.fr\/index.php\/livre\/","title":{"rendered":"LIVRE"},"content":{"rendered":"<p>[et_pb_section fb_built=\u00a0\u00bb1&Prime; _builder_version=\u00a0\u00bb4.9.0&Prime; _module_preset=\u00a0\u00bbdefault\u00a0\u00bb custom_padding=\u00a0\u00bb4px||12px|||\u00a0\u00bb collapsed=\u00a0\u00bboff\u00a0\u00bb][et_pb_row column_structure=\u00a0\u00bb3_4,1_4&Prime; _builder_version=\u00a0\u00bb4.9.0&Prime; _module_preset=\u00a0\u00bbdefault\u00a0\u00bb width=\u00a0\u00bb82%\u00a0\u00bb max_width=\u00a0\u00bb2560px\u00a0\u00bb][et_pb_column type=\u00a0\u00bb3_4&Prime; _builder_version=\u00a0\u00bb4.9.2&Prime; _module_preset=\u00a0\u00bbdefault\u00a0\u00bb][et_pb_text _builder_version=\u00a0\u00bb4.9.0&Prime; _module_preset=\u00a0\u00bbdefault\u00a0\u00bb text_font=\u00a0\u00bbMontserrat||||||||\u00a0\u00bb text_font_size=\u00a0\u00bb52px\u00a0\u00bb header_font=\u00a0\u00bbCervoNeue-LightNeue||||||||\u00a0\u00bb header_font_size=\u00a0\u00bb52px\u00a0\u00bb header_2_font_size=\u00a0\u00bb52px\u00a0\u00bb inline_fonts=\u00a0\u00bbCervoNeue-LightNeue\u00a0\u00bb]<\/p>\n<h1 style=\"text-align: center;\"><span style=\"font-family: CervoNeue-LightNeue;\">Livre &amp; articles de Marc Baillet<\/span><\/h1>\n<p>[\/et_pb_text][et_pb_divider color=\u00a0\u00bb#be1622&Prime; divider_weight=\u00a0\u00bb3px\u00a0\u00bb _builder_version=\u00a0\u00bb4.9.2&Prime; _module_preset=\u00a0\u00bbdefault\u00a0\u00bb width=\u00a0\u00bb2%\u00a0\u00bb module_alignment=\u00a0\u00bbcenter\u00a0\u00bb][\/et_pb_divider][et_pb_text _builder_version=\u00a0\u00bb4.9.0&Prime; _module_preset=\u00a0\u00bbdefault\u00a0\u00bb text_font=\u00a0\u00bbGeorgia||||||||\u00a0\u00bb text_text_color=\u00a0\u00bb#000000&Prime;]<\/p>\n<h3 style=\"text-align: left;\">Livre de Marc Baillet<\/h3>\n<ul>\n<li style=\"list-style-type: none;\">\n<ul>\n<li style=\"list-style-type: none;\">\n<ul>\n<li><span style=\"color: #be1622;\"><strong><a style=\"color: #be1622;\" href=\"https:\/\/www.amazon.fr\/Entrepreneur-vie-cowboy-veut-aimer\/dp\/1326466321\/ref=sr_1_1?__mk_fr_FR=\u00c5M\u00c5\u017d\u00d5\u00d1&amp;dchild=1&amp;keywords=marc+baillet&amp;qid=1633698978&amp;qsid=259-2786429-2381632&amp;sr=8-1&amp;sres=1326466321%2C0244965412%2C0244980241%2C2215118067%2C2353660525%2C8816574453%2CB08DV6P9TB%2CB01FFJEBLO%2C2221243579%2CB082YCBZD3%2CB07NZ6Z69N%2C2913612695%2CB00005QKVT%2C2913612407%2C2919069101%2CB0046XUESA%2C2264021306%2CB00DHEHM1Q%2CB07P7KZDL6%2C2754736328&amp;srpt=ABIS_BOOK\" target=\"_blank\" rel=\"noopener\">Le cowboy qui veut aimer<\/a><\/strong><\/span> &#8211; L&rsquo;art de se gouverner et de donner du sens \u00e0 sa vie.<\/li>\n<\/ul>\n<\/li>\n<\/ul>\n<\/li>\n<\/ul>\n<p style=\"text-align: center;\"><a href=\"https:\/\/www.amazon.fr\/Entrepreneur-vie-cowboy-veut-aimer\/dp\/1326466321\/ref=sr_1_1?__mk_fr_FR=\u00c5M\u00c5\u017d\u00d5\u00d1&amp;dchild=1&amp;keywords=marc+baillet&amp;qid=1633697708&amp;qsid=259-2786429-2381632&amp;sr=8-1&amp;sres=1326466321%2C0244965412%2C0244980241%2C2215118067%2C2353660525%2C8816574453%2CB08DV6P9TB%2CB01FFJEBLO%2C2221243579%2CB082YCBZD3%2CB07NZ6Z69N%2C2913612695%2CB00005QKVT%2C2913612407%2C2919069101%2CB0046XUESA%2C2264021306%2CB00DHEHM1Q%2CB07P7KZDL6%2C2754736328&amp;srpt=ABIS_BOOK\" target=\"_blank\" rel=\"noopener\"><img loading=\"lazy\" decoding=\"async\" class=\"wp-image-238344 size-medium aligncenter\" src=\"https:\/\/heroicpeople.fr\/wp-content\/uploads\/2021\/10\/Le-cowboy-qui-veut-aimer-jpeg-214x300.jpg\" alt=\"Le cowboy qui veut aimer - Livre Marc Baillet\" width=\"214\" height=\"300\" \/><\/a><\/p>\n<p style=\"text-align: center;\"><strong><span style=\"color: #be1622;\"><a style=\"color: #be1622;\" href=\"https:\/\/www.amazon.fr\/Entrepreneur-vie-cowboy-veut-aimer\/dp\/1326466321\/ref=sr_1_1?__mk_fr_FR=\u00c5M\u00c5\u017d\u00d5\u00d1&amp;dchild=1&amp;keywords=marc+baillet&amp;qid=1633698978&amp;qsid=259-2786429-2381632&amp;sr=8-1&amp;sres=1326466321%2C0244965412%2C0244980241%2C2215118067%2C2353660525%2C8816574453%2CB08DV6P9TB%2CB01FFJEBLO%2C2221243579%2CB082YCBZD3%2CB07NZ6Z69N%2C2913612695%2CB00005QKVT%2C2913612407%2C2919069101%2CB0046XUESA%2C2264021306%2CB00DHEHM1Q%2CB07P7KZDL6%2C2754736328&amp;srpt=ABIS_BOOK\" target=\"_blank\" rel=\"noopener\">Amazon<\/a><\/span>\u00a0| <span style=\"color: #be1622;\"><a style=\"color: #be1622;\" href=\"https:\/\/www.amazon.fr\/ENTREPRENEUR-VIE-COWBOY-VEUT-AIMER-ebook\/dp\/B018KODNGU\/ref=tmm_kin_swatch_0?_encoding=UTF8&amp;qid=1633701433&amp;sr=8-1\" target=\"_blank\" rel=\"noopener\">Kindle<\/a><\/span> |\u00a0<span style=\"color: #be1622;\"><a style=\"color: #be1622;\" href=\"https:\/\/www.lulu.com\/fr\/fr\/shop\/marc-baillet\/le-cowboy-qui-veut-aimer\/paperback\/product-12j47dqj.html?page=1&amp;pageSize=4\" target=\"_blank\" rel=\"noopener\">Lulu<\/a><\/span><\/strong><\/p>\n<h3><\/h3>\n<h3>Avis des lecteurs<\/h3>\n<p>[\/et_pb_text][et_pb_image src=\u00a0\u00bbhttps:\/\/heroicpeople.fr\/wp-content\/uploads\/2021\/10\/Avis1Lewowboyquiveutaimer.png\u00a0\u00bb alt=\u00a0\u00bbAvis1 Le cowboy qui veut aimer Marc Baillet\u00a0\u00bb title_text=\u00a0\u00bbAvis1Lewowboyquiveutaimer\u00a0\u00bb url=\u00a0\u00bbhttps:\/\/www.amazon.fr\/Entrepreneur-vie-cowboy-veut-aimer\/dp\/1326466321\/ref=sr_1_1?__mk_fr_FR=\u00c5M\u00c5\u017d\u00d5\u00d1&#038;dchild=1&#038;keywords=marc+baillet&#038;qid=1633871038&#038;qsid=259-2786429-2381632&#038;sr=8-1&#038;sres=1326466321%2C0244965412%2C0244980241%2C2215118067%2C2353660525%2C8816574453%2CB08DV6P9TB%2CB01FFJEBLO%2C2221243579%2CB082YCBZD3%2CB07NZ6Z69N%2C2913612695%2CB00005QKVT%2C2913612407%2C2919069101%2CB0046XUESA%2C2264021306%2CB00DHEHM1Q%2CB07P7KZDL6%2C2754736328&#038;srpt=ABIS_BOOK\u00a0\u00bb _builder_version=\u00a0\u00bb4.9.0&Prime; _module_preset=\u00a0\u00bbdefault\u00a0\u00bb][\/et_pb_image][et_pb_image src=\u00a0\u00bbhttps:\/\/heroicpeople.fr\/wp-content\/uploads\/2021\/10\/Avis2Lecowboyquiveutaimer.png\u00a0\u00bb alt=\u00a0\u00bbAvis1 Le cowboy qui veut aimer Marc Baillet\u00a0\u00bb title_text=\u00a0\u00bbAvis2Lecowboyquiveutaimer\u00a0\u00bb url=\u00a0\u00bbhttps:\/\/www.amazon.fr\/Entrepreneur-vie-cowboy-veut-aimer\/dp\/1326466321\/ref=sr_1_1?__mk_fr_FR=\u00c5M\u00c5\u017d\u00d5\u00d1&#038;dchild=1&#038;keywords=marc+baillet&#038;qid=1633871038&#038;qsid=259-2786429-2381632&#038;sr=8-1&#038;sres=1326466321%2C0244965412%2C0244980241%2C2215118067%2C2353660525%2C8816574453%2CB08DV6P9TB%2CB01FFJEBLO%2C2221243579%2CB082YCBZD3%2CB07NZ6Z69N%2C2913612695%2CB00005QKVT%2C2913612407%2C2919069101%2CB0046XUESA%2C2264021306%2CB00DHEHM1Q%2CB07P7KZDL6%2C2754736328&#038;srpt=ABIS_BOOK\u00a0\u00bb _builder_version=\u00a0\u00bb4.9.0&Prime; _module_preset=\u00a0\u00bbdefault\u00a0\u00bb][\/et_pb_image][et_pb_text _builder_version=\u00a0\u00bb4.9.0&Prime; _module_preset=\u00a0\u00bbdefault\u00a0\u00bb text_font=\u00a0\u00bbGeorgia||||||||\u00a0\u00bb text_text_color=\u00a0\u00bb#000000&Prime;]<\/p>\n<h3>R\u00e9sum\u00e9 du livre<\/h3>\n<p>Impossible \u00e0 lire d\u2019un trait mais impossible \u00e0 refermer,\u00a0Le cowboy qui veut aimer\u00a0propose quelques essentiels sur l\u2019Homme, le chemin, le combat, l\u2019amour. Des essentiels pour d\u00e9velopper un art de se gouverner et de donner du sens \u00e0 sa vie.<\/p>\n<p>Quel autre livre peut se r\u00e9jouir d\u2019un index o\u00f9 se c\u00f4toient les grandes blessures de l\u2019\u00e2me humaine, Jean de La Fontaine, une recette pour battre en retraite avec \u00e9l\u00e9gance, les techniques de raisonnement cart\u00e9sien, l\u2019apologie de la gr\u00e2ce et le penseur perse Omar Riad.\u00a0O\u00f9 trouveriez-vous par ailleurs, en ouvrant une seule page, une m\u00e9thode pratique pour ma\u00eetriser l\u2019art de discerner, les grandes vertus humaines, l\u2019aigre et le doux, Sun Tzu et son art de la guerre, le surgissement des surprises et les m\u00e9rites de l\u2019exp\u00e9rimentation du chaos.\u00a0O\u00f9, sinon, dans\u00a0Le cowboy qui veut aimer,\u00a0pourriez-vous trouver des informations s\u00fbres concernant l\u2019arme de la mod\u00e9ration et de la sobri\u00e9t\u00e9, l\u2019art de dire oui et le pouvoir de la petite musique int\u00e9rieure, ce que sont les justes d\u00e9sirs, ou les signes qui s\u2019expriment lorsque l\u2019on chevauche vers sa destin\u00e9e.<\/p>\n<p>Le cowboy qui veut aimer\u00a0est un livre comme il en existe aucun autre\u00a0: inspirant, po\u00e9tique, et pour tout dire indispensable. Il rend la chevauch\u00e9e de la vie plus \u00e9mouvante, plus pr\u00e9cieuse, plus vitale.\u00a0L\u2019homme, le chemin, le combat l\u2019amour,\u00a0Le cowboy qui veut aimer\u00a0propose un art de se gouverner et de donner du sens \u00e0 sa vie.\u00a0101 maximes inspirantes \u00e0 mettre en \u0153uvre pour faire l\u2019exp\u00e9rience d\u2019\u00eatre en vie. Un manuel dont on choisit les pages au hasard, un peu comme un jeu de cartes. Un manuel pour se prendre en main.<\/p>\n<p>Marc Baillet est l\u2019animateur de Heroic People, une \u00e9mission digitale sur le d\u00e9veloppement du potentiel humain et la force d\u2019\u00e2me\u00a0!\u00a0 Form\u00e9 aux Etats Unis et en France \u00e0 la Finance et au Marketing (MBA) ainsi qu\u2019 \u00e0 la Psychologie et au Neuroleadership, il a travaill\u00e9 dans l&rsquo;univers du conseil et aux c\u00f4t\u00e9s de dirigeants de grands groupes. Il a cr\u00e9\u00e9 plusieurs plusieurs start-ups, dans le domaine de la microfinance et du d\u00e9veloppement humain notamment.<\/p>\n<p>L&rsquo;art de se gouverner et de donner du sens \u00e0 sa vie :<\/p>\n<ul>\n<li style=\"list-style-type: none;\">\n<ul>\n<li style=\"list-style-type: none;\">\n<ul>\n<li>Trouver sa petite musique int\u00e9rieure<\/li>\n<li>La peur, le pire ennemi<\/li>\n<li>Fuir les combats inutiles<\/li>\n<li>Le vrai rebelle<\/li>\n<li>Laisser aller quand l&rsquo;esprit est agit\u00e9<\/li>\n<li>Garder les yeux ouverts<\/li>\n<li>Ne pas vouloir forcer le changement chez quiconque<\/li>\n<li>Exp\u00e9rimenter la nuit du fou<\/li>\n<li>Voir la beaut\u00e9 en toutes choses<\/li>\n<li>Bien conna\u00eetre les hommes<\/li>\n<li>Tirer en l\u2019air, au hasard<\/li>\n<li>Faire avec les forces contraires<\/li>\n<li>Tous reli\u00e9s<\/li>\n<li>Et bien d\u2019autres !<\/li>\n<\/ul>\n<\/li>\n<\/ul>\n<\/li>\n<\/ul>\n<p style=\"text-align: center;\"><strong><span style=\"color: #be1622;\"><a style=\"color: #be1622;\" href=\"https:\/\/www.amazon.fr\/Entrepreneur-vie-cowboy-veut-aimer\/dp\/1326466321\/ref=sr_1_1?__mk_fr_FR=\u00c5M\u00c5\u017d\u00d5\u00d1&amp;dchild=1&amp;keywords=marc+baillet&amp;qid=1633698978&amp;qsid=259-2786429-2381632&amp;sr=8-1&amp;sres=1326466321%2C0244965412%2C0244980241%2C2215118067%2C2353660525%2C8816574453%2CB08DV6P9TB%2CB01FFJEBLO%2C2221243579%2CB082YCBZD3%2CB07NZ6Z69N%2C2913612695%2CB00005QKVT%2C2913612407%2C2919069101%2CB0046XUESA%2C2264021306%2CB00DHEHM1Q%2CB07P7KZDL6%2C2754736328&amp;srpt=ABIS_BOOK\" target=\"_blank\" rel=\"noopener\">Amazon<\/a><\/span>\u00a0| <a href=\"https:\/\/www.amazon.fr\/ENTREPRENEUR-VIE-COWBOY-VEUT-AIMER-ebook\/dp\/B018KODNGU\/ref=tmm_kin_swatch_0?_encoding=UTF8&amp;qid=1633701433&amp;sr=8-1\" target=\"_blank\" rel=\"noopener\"><span style=\"color: #be1622;\">Kindle<\/span><\/a> |\u00a0<span style=\"color: #be1622;\"><a style=\"color: #be1622;\" href=\"https:\/\/www.lulu.com\/fr\/fr\/shop\/marc-baillet\/le-cowboy-qui-veut-aimer\/paperback\/product-12j47dqj.html?page=1&amp;pageSize=4\" target=\"_blank\" rel=\"noopener\">Lulu<\/a><\/span><\/strong><\/p>\n<h3><\/h3>\n<h3>Articles les plus populaires<\/h3>\n<ul>\n<li style=\"list-style-type: none;\">\n<ul>\n<li style=\"list-style-type: none;\">\n<ul>\n<li><span style=\"color: #be1622;\"><strong><a style=\"color: #be1622;\" href=\"https:\/\/heroicpeople.fr\/index.php\/articles\/partir-de-soi\/lhistoire-de-laigle-et-de-la-poule-heroic-people-marc-baillet\/\">L&rsquo;histoire de l&rsquo;aigle et la poule (notre vraie nature)<\/a><\/strong><\/span><\/li>\n<li><strong><span style=\"color: #be1622;\"><a style=\"color: #be1622;\" href=\"https:\/\/heroicpeople.fr\/index.php\/articles\/neuro-management\/du-son-pour-se-reaccorder\/\" target=\"_blank\" rel=\"noopener\">Du son pour se r\u00e9accorder &#8211; 432 Hz, la fr\u00e9quence de Mozart<\/a><\/span><\/strong><\/li>\n<li><a href=\"https:\/\/heroicpeople.fr\/index.php\/articles\/relations-humaines-articles\/les-3-tamis-de-socrate-marc-baillet\/\" target=\"_blank\" rel=\"noopener\"><strong><span style=\"color: #be1622;\">Les 3 tamis de Socrate (parler ou se taire)\u00a0<\/span><\/strong><\/a><\/li>\n<li><strong><span style=\"color: #be1622;\"><a style=\"color: #be1622;\" href=\"https:\/\/heroicpeople.fr\/index.php\/articles\/leadership\/quel-est-votre-style-de-leadership\/\" target=\"_blank\" rel=\"noopener\">Quel est votre style de leadership ?\u00a0<\/a><\/span><\/strong><\/li>\n<li><span style=\"color: #be1622;\"><strong><a style=\"color: #be1622;\" href=\"https:\/\/heroicpeople.fr\/index.php\/articles\/leadership\/quelle-est-votre-personnalite-professionnelle\/\" target=\"_blank\" rel=\"noopener\">Quelle est votre personnalit\u00e9 professionnelle ?\u00a0<\/a><\/strong><\/span><\/li>\n<li><a href=\"https:\/\/heroicpeople.fr\/index.php\/articles\/leadership\/les-5-dysfonctionnements-dune-equipe\/\" target=\"_blank\" rel=\"noopener\"><strong><span style=\"color: #be1622;\">Les 5 dysfonctionnements d&rsquo;une\u00a0<span style=\"caret-color: #be1622;\">\u00e9quipe<\/span>\u00a0<\/span><\/strong><\/a><\/li>\n<li><a href=\"https:\/\/heroicpeople.fr\/index.php\/category\/articles-blog\/\" target=\"_blank\" rel=\"noopener\"><span style=\"color: #be1622;\"><strong>7 questions \u00e0 se poser pour s&rsquo;auto-manager\u00a0<\/strong><\/span><\/a><\/li>\n<li><a href=\"https:\/\/heroicpeople.fr\/index.php\/articles\/neuro-management\/mediter-en-respirant-la-voie-des-plus-simples\/\" target=\"_blank\" rel=\"noopener\"><strong><span style=\"color: #be1622;\">M\u00e9diter en respirant, la voie des plus simples<\/span><\/strong><\/a><\/li>\n<li><span style=\"color: #be1622;\"><strong><a style=\"color: #be1622;\" href=\"https:\/\/heroicpeople.fr\/index.php\/category\/articles-blog\/\" target=\"_blank\" rel=\"noopener\">Tous les articles ICI<\/a><\/strong><\/span><\/li>\n<\/ul>\n<\/li>\n<\/ul>\n<\/li>\n<\/ul>\n<h3>A propos du podcast Heroic People<\/h3>\n<p><span style=\"color: #be1622;\"><a style=\"color: #be1622;\" href=\"https:\/\/heroicpeople.fr\/index.php\/podcast-3\/\" target=\"_blank\" rel=\"noopener\">Le podcast Heroic People<\/a><\/span>, anim\u00e9 par <span style=\"color: #be1622;\"><a style=\"color: #be1622;\" href=\"https:\/\/heroicpeople.fr\/index.php\/marc\/\">Marc Baillet<\/a><\/span>, explore et partage les histoires, conseils concrets, et principes de vie d\u2019\u00eatres humains inspirants (entrepreneurs, artistes, sportifs, leaders spirituels, th\u00e9rapeutes) pour vous permettre de d\u00e9couvrir quelles sont les cl\u00e9s du d\u00e9veloppement du potentiel et de la force d\u2019\u00e2me\u00a0! Nous apprenons les uns des autres et trouvons en soi le h\u00e9ros de notre propre vie. Pour \u00e9couter<span style=\"color: #be1622;\"> <a style=\"color: #be1622;\" href=\"https:\/\/heroicpeople.fr\/index.php\/podcast-3\/\" target=\"_blank\" rel=\"noopener\">les \u00e9pisodes pass\u00e9s, c\u2019est ici<\/a>.<\/span>[\/et_pb_text][\/et_pb_column][et_pb_column type=\u00a0\u00bb1_4&Prime; _builder_version=\u00a0\u00bb4.9.2&Prime; _module_preset=\u00a0\u00bbdefault\u00a0\u00bb][et_pb_sidebar _builder_version=\u00a0\u00bb4.9.0&Prime; _module_preset=\u00a0\u00bbdefault\u00a0\u00bb custom_padding=\u00a0\u00bb|0px||||\u00a0\u00bb][\/et_pb_sidebar][\/et_pb_column][\/et_pb_row][\/et_pb_section]<\/p>\n","protected":false},"excerpt":{"rendered":"<p>Livre &amp; articles de Marc BailletLivre de Marc Baillet Le cowboy qui veut aimer &#8211; L&rsquo;art de se gouverner et de donner du sens \u00e0 sa vie. Amazon\u00a0| Kindle |\u00a0Lulu Avis des lecteursR\u00e9sum\u00e9 du livre Impossible \u00e0 lire d\u2019un trait mais impossible \u00e0 refermer,\u00a0Le cowboy qui veut aimer\u00a0propose quelques essentiels sur l\u2019Homme, le chemin, le [&hellip;]<\/p>\n","protected":false},"author":1,"featured_media":238344,"parent":0,"menu_order":0,"comment_status":"closed","ping_status":"closed","template":"","meta":{"_et_pb_use_builder":"on","_et_pb_old_content":"<!-- wp:divi\/placeholder \/-->","_et_gb_content_width":"","footnotes":""},"class_list":["post-12847","page","type-page","status-publish","has-post-thumbnail","hentry"],"_links":{"self":[{"href":"https:\/\/heroicpeople.fr\/index.php\/wp-json\/wp\/v2\/pages\/12847","targetHints":{"allow":["GET"]}}],"collection":[{"href":"https:\/\/heroicpeople.fr\/index.php\/wp-json\/wp\/v2\/pages"}],"about":[{"href":"https:\/\/heroicpeople.fr\/index.php\/wp-json\/wp\/v2\/types\/page"}],"author":[{"embeddable":true,"href":"https:\/\/heroicpeople.fr\/index.php\/wp-json\/wp\/v2\/users\/1"}],"replies":[{"embeddable":true,"href":"https:\/\/heroicpeople.fr\/index.php\/wp-json\/wp\/v2\/comments?post=12847"}],"version-history":[{"count":11,"href":"https:\/\/heroicpeople.fr\/index.php\/wp-json\/wp\/v2\/pages\/12847\/revisions"}],"predecessor-version":[{"id":241646,"href":"https:\/\/heroicpeople.fr\/index.php\/wp-json\/wp\/v2\/pages\/12847\/revisions\/241646"}],"wp:featuredmedia":[{"embeddable":true,"href":"https:\/\/heroicpeople.fr\/index.php\/wp-json\/wp\/v2\/media\/238344"}],"wp:attachment":[{"href":"https:\/\/heroicpeople.fr\/index.php\/wp-json\/wp\/v2\/media?parent=12847"}],"curies":[{"name":"wp","href":"https:\/\/api.w.org\/{rel}","templated":true}]}}